*o**2. Is d(0) composite?
False
Let o be (3 - (3 - -1))*-72. Let i = o - 26. Suppose -264 = -x - i. Is x composite?
True
Suppose i + 4*i = -285. Let z = i + 80. Suppose -t + 142 = z. Is t a prime number?
False
Let u be (-14)/4*(-2 + 84). Let k = -704 - u. Let w = -194 - k. Is w prime?
True
Let o(w) = 1774*w + 21. Is o(5) prime?
False
Let o(z) = -28*z**3 - 5*z**2 - 22*z + 14. Is o(-7) a prime number?
False
Let y(b) = -6*b. Let w be y(-2). Suppose -w*h + 21*h = 3429. Is h a composite number?
True
Suppose 11*n - 87396 - 13606 = 0. Is n composite?
True
Let p be 27/4 - (-3)/(-4). Suppose -p*s + 244 = -230. Is s composite?
False
Suppose -5*v = -108 - 122. Suppose -w - v = 46. Let z = w + 889. Is z prime?
True
Let f be -1 + -1 - (-4)/(16/4660). Suppose -5*y + 2250 = l, -4*y + f + 656 = -3*l. Is y a composite number?
True
Let w(x) = -116*x - 1003*x - 242*x. Is w(-1) a composite number?
False
Let b(z) = -4*z**2 + z + 3. Let w(y) = -4*y**2 + 4. Let h(u) = 5*b(u) - 6*w(u). Is h(8) composite?
True
Suppose -b - 2532 - 2879 = 0. Let w = -3094 - b. Is w a composite number?
True
Suppose -5*a - 4*c = -19, -2*c = -0*c - 2. Suppose 0 = 3*h - 4*g - 2999, -a*h - 2*g - 1996 = -5*h. Is h a prime number?
False
Let f = 20 + -13. Let l = 7 - f. Suppose -d + 1 = 0, 3*m = -l*d + 3*d + 252. Is m prime?
False
Is ((-169)/338)/((-2303)/2302 + 1) prime?
True
Suppose 3*d = 6*d + 18. Is 2130/18 + (-4)/d a prime number?
False
Let z = -148 - -289. Suppose 6*g = 4*g + 5*m + 435, -4*g + 906 = 2*m. Suppose 3*v = g + z. Is v prime?
False
Let u(k) be the first derivative of -k**4/4 + 10*k**3/3 + 7*k**2/2 + 13*k + 38. Is u(9) a prime number?
True
Suppose 2*w = -4*i + 7666, -7*w + 3821 = 2*i - 2*w. Suppose 360 = m + i. Let c = m - -2189. Is c composite?
False
Suppose -q + 6 = -24. Let s = q - -233. Let b = s - 64. Is b prime?
True
Suppose -22*n + 561948 - 187970 = 0. Is n a prime number?
False
Let q = 4196 - -62487. Is q composite?
False
Let k = 253 + -104. Let w = k - -424. Is w prime?
False
Suppose -3*w + 2898 = l - 0*l, -3*w - 11607 = -4*l. Is l a prime number?
False
Suppose -2*y - 19905 = 14*i - 19*i, -19890 = -5*i + 5*y. Is i a composite number?
True
Suppose -5*p - 9495 = -2*p. Let o = p + 5848. Is o a composite number?
False
Let x = 971 + -1809. Suppose -5*p - 120 = 5*w, 0 = 3*p - 5*p + w - 60. Is x/(-4) - (-14)/p prime?
False
Let z be (-5*(2 + -1))/((-3)/(-129)). Let l = 592 - z. Is l prime?
False
Let j(k) = -2*k + 652*k**2 - 581*k**2 + 0*k - 5. Is j(4) a prime number?
True
Let c(m) = -11*m**3 - 6*m**2 - 5*m + 3. Let w be (-6)/33 - 228/(-44). Suppose w = -3*t + 2*t. Is c(t) prime?
False
Let d(v) = 0 - 7 - v + 4*v**2 - 7 + 15 - 2. Let x be -3 - 2*(-2)/(-4). Is d(x) prime?
True
Suppose 0 = -y - 4*y + 25. Suppose -12*t + 90 = 18. Suppose 4*p - r - 1053 = -t*r, -p + y*r + 232 = 0. Is p composite?
False
Let p = 35 - -15. Let r = 339 + p. Is r a composite number?
False
Let w(p) be the first derivative of p**2 + 6*p + 4. Let i be w(-3). Suppose 3*n - 9 = i, 3*g + 8*n - 4*n = 351. Is g a prime number?
True
Let s(r) = -2397*r**3 - 14*r**2 - 17*r + 3. Is s(-2) composite?
False
Let q(k) = -k + 19. Let w be q(14). Let z(t) = -t**3 + 7*t**2 - 2*t - 7. Let f be z(w). Is (814/f)/((-4)/(-66)) prime?
False
Suppose 0 = -4*v - y + 251, -2*v + 48 = -2*y - 70. Suppose v + 229 = o. Is o prime?
False
Suppose 54*d - 32*d - 961862 = 0. Is d a prime number?
True
Let w = 708 - -1093. Is w prime?
True
Suppose v - 8392 = -7*v. Suppose 3*f - h - 1458 = 0, f + 4*h + 23 = 509. Suppose f = 5*q - v. Is q composite?
False
Is 5/(25/313190) + -1 composite?
True
Is (-19 - -5892)*2/7 composite?
True
Suppose 0 = 5*s - 4*q - 22, -4*q = -5 - 3. Is 2202/12 - (-9)/s composite?
True
Let t(m) = -m**3 - 5*m**2 + 7*m + 9. Let w be t(-6). Let h = w + 84. Is h a prime number?
False
Let k = 22678 + -15267. Is k a composite number?
False
Let x(t) = 8*t - 16. Let d(f) = f - 2. Let z(i) = 51*d(i) - 6*x(i). Let u be z(6). Let h = 81 + u. Is h a prime number?
False
Let r be (-3)/(-30) + (-38)/(-20). Suppose 3*w - 1265 = -r*w. Is w composite?
True
Let b be (-9)/(-15) + (-22)/(-5). Suppose -3*g + 2*k - 4*k + 4 = 0, b*k + 36 = 4*g. Is (-1650)/(-24) + 1/g prime?
False
Suppose -3*o + 3 = -0, -u - 3*o = -17655. Suppose 0 = 4*s - 4*r - u, -r + 2 + 2 = 0. Is s a composite number?
True
Suppose -q + 5*y = 2*y + 21, 2*q - 4*y = -32. Is (489/q)/(2/(-12)) composite?
True
Let z = 90 - 88. Suppose -5*v - 3*b = -1532, -458 = 4*v - z*b - 1688. Is v a composite number?
False
Let v(z) = 61*z**3 + z**2 + 3*z + 3. Let n be v(-1). Let t = n + 377. Is t composite?
False
Is 4/(-22) + 4824034/638 a prime number?
True
Suppose 12884 = 3*v - 5*u, -2*u - 1 + 11 = 0. Is v composite?
True
Suppose -4*f + 2*z + 66918 = 0, 2*f - 4*z + 9*z - 33453 = 0. Is f prime?
True
Suppose -2*r + 2 = -r. Suppose j = -5*k + 11, -r*k + 7 = 3*k + 2*j. Suppose -c = -4*z + 2*c + 1234, 3*z - k*c - 927 = 0. Is z a composite number?
False
Let q be 2/(-7) - (-4668)/21. Suppose 4*f + 477 = -3*m, -f + 152 = 2*m - 3*m. Let a = q + m. Is a a prime number?
True
Let b(r) = 14*r**2 + 16*r - 171. Is b(-31) composite?
True
Suppose -13*h = -16*h. Is 5*(h + 94/10) a prime number?
True
Suppose -93 - 107 = 5*n. Let u be (-6)/(-3 + (-108)/n). Suppose 2*m = -j + 35, -j + m = -9 - u. Is j prime?
True
Let c(s) = s**3 - 4*s**2 + s + 4. Let b be c(4). Is 252 + (-4)/(b - 4) composite?
False
Let y(l) = 249*l + 40. Is y(7) a prime number?
True
Let y be (-14)/4 - (-1)/2. Let f(s) = -19*s**3 - 2*s**2 + 2*s - 4. Let o be f(y). Let k = o + -344. Is k a prime number?
False
Let v = -9512 + 14943. Is v composite?
False
Let m be (4/(-4) - -4) + 3. Let r be -1*(-2)/(4/m). Suppose -t + 4*h + 47 = 0, -5 = r*h + 1. Is t a composite number?
True
Let d(t) = -3*t - 97. Let s(o) = -13*o - 389. Let g(c) = c**2 - 8*c + 6. Let z be g(5). Let v(w) = z*d(w) + 2*s(w). Is v(0) composite?
True
Let z = -15 - -17. Let l(w) = -w**3 + 4*w**2 - 3*w + 2. Let a be l(z). Suppose 9*y - a*y - 188 = -3*c, y = -2*c + 137. Is c a prime number?
True
Is (-4)/20 - 382896/(-30) a composite number?
False
Let p = 16 + -10. Let d(w) = 15*w + 1. Let t(f) = 8*f. Let a(z) = p*d(z) - 11*t(z). Is a(0) prime?
False
Let x(o) = o**2 - 6*o + 3. Let b be x(7). Let n be b/60 + 8755/(-6). Let g = -590 - n. Is g a composite number?
True
Suppose -f + 2*d = f - 8, 0 = 3*f + 3*d - 12. Let l be (-3427)/(-9) - f/(-18). Suppose -15*p - l = -18*p. Is p a composite number?
False
Let n = 229 + -130. Let a be 13/(-11) - (-18)/n. Is (2 + 17)/(a/(-1)) prime?
True
Let f = -1758 - -2526. Let m = f + -449. Is m prime?
False
Let f = -666 - -1289. Is f a composite number?
True
Is 4/(64/6) + 596385/360 composite?
False
Let u be -3 - 3*(0 - -5). Is 7726/8 + u/24 a prime number?
False
Let k(f) = -f**3 - 7*f**2 + 23*f + 4. Let j(d) = 4*d + 23. Let h be j(-9). Is k(h) prime?
True
Let f(s) = -2*s**3 + 2*s**2 + s - 1. Let d = 13 + -11. Let h be f(d). Let l(t) = 7*t**2 + 4*t + 2. Is l(h) a composite number?
False
Let u = -10 - 0. Let g be 1470/50 + (-6)/u. Is 3792/g - 9/(-15) a prime number?
True
Suppose -4*m + 29*m = 102925. Is m prime?
False
Let p(m) = -7*m**2 + 12*m - 2. Let n be p(8). Let z = 541 - n. Suppose -l + z = 4*l. Is l a composite number?
False
Let b be 51*(-2)/(4/6). Suppose 5*z + 29 = -4*m, 5*z + 2 - 3 = m. Is (m - b) + 6/3 composite?
False
Let h(d) = -d**2 - 30*d + 31. Is h(-30) composite?
False
Suppose l = 3*w, -2*w = 5*l + 3*w - 40. Let m be (5 + 0)*l/(-5). Let n(k) = -14*k + 7. Is n(m) a prime number?
False
Let h(p) = p**2 - 19*p + 19. Let b be h(25). Let d = 454 + b. Is d prime?
False
Suppose 5*a + 40 = 10*a. Let r(v) = 3*v**3 + 7*v**2 - 7*v + 11. Is r(a) composite?
True
Let o = 9 - 26. Let h = 24 + o. Let l(q) = q**3 - 5*q**2 - 3*q + 8. Is l(h) a prime number?
False
Suppose -2*i + v = -8221, 2*i - 5*v = -0*i + 8217. Is i a prime number?
True
Let w = 74743 - 49352. Is w prime?
True
Let r = 139989 + -78660. Is r composite?
True
Is (7/((-154)/517))/((-2)/388) a composite number?
True
Let x = -2 - -10. Suppose -8147 = -x*i + 12693. Is i prime?
False
Let p(o) = -509*o**3 - 4*o**2 + 2*o**2 - 3*o + 2*o + 0*o. Let m be p(-1). Suppose -4833 = -5*v - m. Is v a composite number?
True
Let v be 3/(-12) + 11/(-4). Let s be (-674)/6 + 2/v. Let g = s + 178. Is g prime?
False
Suppose